38 and 1444.
38
Calculate the greatest common factor of 21 and 1287.
3
What is the highest common divisor of 144 and 32?
16
Calculate the highest common factor of 42 and 546.
42
Calculate the greatest common factor of 5401 and 11.
11
Calculate the highest common factor of 148 and 851.
37
What is the greatest common divisor of 14 and 1106?
14
What is the highest common factor of 513 and 34713?
171
What is the greatest common divisor of 153 and 765?
153
Calculate the greatest common divisor of 726 and 48.
6
What is the highest common divisor of 12 and 78?
6
What is the greatest common factor of 1887 and 51?
51
Calculate the highest common divisor of 90 and 1280.
10
What is the highest common factor of 105 and 189?
21
Calculate the highest common factor of 25 and 1025.
25
Calculate the highest common factor of 4 and 20.
4
Calculate the greatest common factor of 189 and 27.
27
Calculate the greatest common divisor of 20 and 260.
20
What is the highest common divisor of 294 and 13426?
98
What is the greatest common factor of 14 and 12362?
14
What is the greatest common divisor of 412 and 927?
103
What is the greatest common factor of 20 and 540?
20
What is the highest common factor of 57 and 437?
19
Calculate the highest common divisor of 198 and 1056.
66
Calculate the greatest common factor of 21 and 621.
3
Calculate the greatest common factor of 1161 and 172.
43
What is the greatest common factor of 520 and 65?
65
What is the greatest common factor of 2040 and 480?
120
Calculate the highest common factor of 2640 and 5632.
176
Calculate the greatest common factor of 12 and 4416.
12
What is the greatest common factor of 96 and 128?
32
Calculate the greatest common factor of 36 and 63990.
18
Calculate the greatest common divisor of 13 and 871.
13
Calculate the greatest common divisor of 5553 and 9.
9
What is the highest common factor of 713 and 310?
31
What is the greatest common factor of 12 and 468?
12
Calculate the highest common factor of 15 and 63.
3
Calculate the highest common divisor of 8397 and 9.
9
What is the greatest common factor of 3 and 3?
3
What is the greatest common factor of 120 and 2148?
12
Calculate the greatest common divisor of 16 and 3144.
8
What is the highest common factor of 444 and 1188?
12
What is the highest common factor of 3164 and 84?
28
What is the greatest common factor of 408 and 672?
24
What is the greatest common factor of 42182 and 483?
161
Calculate the greatest common divisor of 7437 and 37.
37
Calculate the greatest common divisor of 15 and 90.
15
What is the greatest common divisor of 52 and 14404?
52
Calculate the greatest common divisor of 36 and 114.
6
What is the highest common divisor of 3718 and 55?
11
Calculate the greatest common divisor of 99 and 72.
9
What is the highest common divisor of 104 and 1079?
13
Calculate the highest common factor of 374 and 272.
34
Calculate the greatest common divisor of 384 and 33.
3
Calculate the highest common divisor of 55 and 99.
11
Calculate the highest common divisor of 960 and 200.
40
Calculate the highest common divisor of 323 and 133.
19
What is the highest common divisor of 184 and 138?
46
What is the highest common factor of 5123 and 109?
109
Calculate the highest common divisor of 1162 and 28.
14
Calculate the highest common divisor of 24 and 792.
24
Calculate the highest common divisor of 572 and 52.
52
Calculate the greatest common factor of 50 and 1975.
25
What is the highest common factor of 258 and 384?
6
What is the greatest common factor of 225 and 3750?
75
What is the highest common divisor of 99 and 288?
9
Calculate the greatest common divisor of 11625 and 93.
93
What is the highest common divisor of 48 and 1168?
16
Calculate the greatest common factor of 309 and 4017.
309
What is the greatest common factor of 45 and 1584?
9
What is the highest common factor of 369 and 27?
9
What is the highest common factor of 209 and 1007?
19
What is the greatest common factor of 15 and 543?
3
What is the greatest common factor of 28 and 4816?
28
Calculate the greatest common divisor of 1073 and 37.
37
Calculate the highest common divisor of 1508 and 676.
52
Calculate the greatest common divisor of 63 and 9.
9
Calculate the highest common divisor of 1100 and 2400.
100
Calculate the greatest common divisor of 16909 and 74.
37
What is the highest common factor of 2142 and 1904?
238
What is the greatest common divisor of 1036 and 56?
28
Calculate the highest common divisor of 88 and 198.
22
Calculate the highest common divisor of 3836 and 56.
28
What is the highest common factor of 994 and 3550?
142
Calculate the highest common divisor of 12432 and 37.
37
Calculate the highest common factor of 86 and 17.
1
What is the greatest common factor of 89 and 9167?
89
Calculate the greatest common factor of 20 and 16.
4
Calculate the highest common divisor of 252 and 1692.
36
Calculate the greatest common divisor of 189 and 42.
21
Calculate the greatest common divisor of 2133 and 79.
79
What is the highest common divisor of 1168 and 73?
73
What is the greatest common divisor of 20 and 690?
10
What is the greatest common divisor of 14 and 11354?
14
What is the highest common factor of 1299 and 6?
3
Calculate the greatest common factor of 35 and 504.
7
Calculate the greatest common factor of 525 and 8100.
75
What is the greatest common divisor of 50 and 1270?
10
What is the greatest common factor of 90 and 40?
10
What is the highest common factor of 104 and 572?
52
Calculate the greatest common factor of 117 and 52.
13
Calculate the highest common factor of 16 and 21368.
8
Calculate the highest common factor of 160 and 5.
5
Calculate the highest common factor of 16384 and 8.
8
Calculate the highest common divisor of 7263 and 54.
27
What is the highest common divisor of 78 and 4602?
78
What is the greatest common divisor of 18 and 1017?
9
Calculate the highest common divisor of 1210 and 330.
110
What is the highest common divisor of 12 and 15396?
12
What is the greatest common divisor of 245 and 371?
7
What is the highest common factor of 39 and 975?
39
Calculate the highest common divisor of 51 and 833.
17
Calculate the highest common divisor of 4 and 284.
4
Calculate the highest common divisor of 404 and 8.
4
Calculate the highest common factor of 4 and 34.
2
What is the greatest common factor of 30 and 290?
10
What is the greatest common divisor of 72 and 2232?
72
What is the greatest common divisor of 18 and 1017?
9
Calculate the greatest common divisor of 1763 and 43.
43
What is the greatest common divisor of 28 and 6874?
14
Calculate the highest common divisor of 976 and 16.
16
What is the greatest common factor of 74 and 48766?
74
What is the highest common factor of 41 and 2829?
41
Calculate the highest common factor of 26 and 3679.
13
What is the greatest common factor of 2292 and 24?
12
Calculate the greatest common divisor of 66 and 77.
11
What is the highest common divisor of 19710 and 292?
146
Calculate the highest common factor of 240 and 96.
48
What is the highest common divisor of 390 and 234?
78
What is the greatest common divisor of 74 and 1998?
74
What is the greatest common divisor of 24 and 100?
4
Calculate the greatest common divisor of 2 and 9.
1
What is the greatest common divisor of 35 and 1995?
35
Calculate the greatest common divisor of 25 and 15100.
25
Calculate the greatest common divisor of 309 and 2575.
103
What is the highest common factor of 17 and 1?
1
What is the highest common factor of 30 and 570?
30
Calculate the greatest common divisor of 3 and 50.
1
What is the greatest common factor of 1497 and 12?
3
Calculate the greatest common divisor of 6 and 867.
3
What is the highest common divisor of 153 and 17?
17
What is the highest common divisor of 24 and 7?
1
What is the highest common factor of 1056 and 4?
4
What is the highest common factor of 1 and 7?
1
What is the highest common divisor of 10700 and 100?
100
What is the greatest common factor of 320 and 1680?
80
Calculate the highest common factor of 3113 and 33.
11
Calculate the highest common factor of 20 and 510.
10
What is the highest common factor of 527 and 187?
17
Calculate the greatest common factor of 22 and 1298.
22
What is the greatest common factor of 481 and 148?
37
Wha